igit of z?
2
Let j be (-574)/(-4) - (-39)/(-26). Let t = -96 + j. What is the units digit of t?
6
Let b = 82 - 63. Let m = -5 + 9. What is the units digit of 1*b - 12/m?
6
Suppose 0*l + l + f = 3, 3*l - f - 5 = 0. Let j be 5/l - (-5)/10. Suppose 0 = 3*d - 3*t - 99, 0 = d - 3*t - 40 - j. What is the units digit of d?
8
Suppose 6 = 3*k, -2*z - 3*k + 6 = 3*z. Suppose -5*r + 2*r + 354 = z. What is the tens digit of r?
1
What is the units digit of 20*7/168 - 757/(-6)?
7
Let n(t) = 2*t**3 - t**2 + 2*t + 6. Let f be n(4). Suppose -v + 4*v - f = 0. What is the units digit of v?
2
Suppose 3*g + z = -3*z + 35, 0 = 5*g + 3*z - 51. Suppose 0 = -4*h + g*h. Suppose o + 27 = -3*t + 135, -4*t + 4*o + 128 = h. What is the tens digit of t?
3
Let z be 264/42 - 2/7. Suppose -4*o - g - 10 = g, 0 = -o - 4*g - z. What is the units digit of o/7 + 226/7?
2
Let v be ((-1)/(-3))/((-1)/(215 + 4)). Suppose -3*t + 0*t - 324 = 0. Let n = v - t. What is the units digit of n?
5
Suppose -3*p - 10 = c - 0*c, 12 = -2*c - 4*p. Let y be c + 0 - (-46)/(-2). Let w = 4 - y. What is the tens digit of w?
2
Suppose 3*o + 4*i - 7 + 0 = 0, 5*i - 4 = o. Let s be o/3 - 22/(-6). Suppose -16 = -s*v, 4*y - 67 = y - 4*v. What is the units digit of y?
7
Let o(t) = 4*t. Suppose 0*n - 11 = -5*n - 2*h, -2*n - 3*h = 0. Suppose 4*m = 3*q + 55, 0*q = m + n*q + 5. What is the units digit of o(m)?
0
Suppose 5*g + 16146 = 28*g. What is the hundreds digit of g?
7
Let i(f) be the first derivative of -f**2 + 5*f + 12. What is the units digit of i(-4)?
3
Suppose -5*s = 5*b + 240, 3*s - 2*s + 4*b + 63 = 0. Suppose 4*a - 219 = 2*p + 111, -5*p = -5*a + 415. Let y = a + s. What is the units digit of y?
9
Suppose 3095 = 9*a - 127. What is the tens digit of a?
5
Let j(i) = 14*i**2 + i + 95. What is the thousands digit of j(11)?
1
Let h(w) be the second derivative of -w**3/2 + 18*w**2 + 3*w. What is the units digit of h(11)?
3
Let c(d) = -d**3 + 37*d**2 - 11*d + 25. What is the tens digit of c(33)?
1
Let t(j) = 718*j - 66. What is the tens digit of t(2)?
7
Let o(a) = a**3 + 11*a**2 - 10*a - 123. What is the hundreds digit of o(-8)?
1
Let x(v) = -v**2 - 5*v + 10. Let h = 11 - 18. Let k be x(h). Let b = k + 8. What is the units digit of b?
4
Suppose 0 = 7*c - 9*c + 1794. Suppose -c + 347 = -3*q + 4*o, 3*o = 3*q - 549. What is the units digit of q?
2
Suppose -54 = -2*t + 4*q - 20, -t - 5*q = 18. Suppose -t*c + 2001 = 811. What is the units digit of c?
0
Let r be (1 - 15/9)/(4/(-318)). Suppose -3*h + o = -r, 5*o = 2*o - 6. What is the tens digit of h?
1
Suppose 4*d = 4607 + 109. What is the thousands digit of d?
1
What is the thousands digit of (-26587)/(-6) + 62/(-372)?
4
Suppose 0 = -4*u - 6*b + b - 5, 0 = b + 5. Suppose u*q - q - 392 = 0. What is the tens digit of q?
9
Suppose -b + 245 = 3*z - 938, 5*z - 3541 = -3*b. What is the thousands digit of b?
1
Suppose 3361 = 2*w - 489*p + 494*p, 3*w = -5*p + 5039. What is the thousands digit of w?
1
Let f be (1/3)/((-1)/(-6)). Suppose p + 11 = f*p. What is the tens digit of p?
1
Let y be (7 + -4)*(-2)/1. Let v be (-58)/7 + y/(-21). What is the units digit of v/(-5)*(-5)/(-2)?
4
Let i = 3619 + -2278. What is the hundreds digit of i?
3
Let w(y) = 39*y**2 + 2*y - 1. Let s be w(1). Suppose 0 = -2*d + 6*d + 2*j + 6, -2*d - 2*j - 4 = 0. What is the tens digit of (d + -19)*(-30)/s?
1
Let v = -46 + 15. Let u = 33 + v. Suppose -q - 339 = -5*p - 0*q, 2*p + u*q - 126 = 0. What is the tens digit of p?
6
Let c(a) = -a**3 - 4*a**2 - 6*a + 2. Let m(i) = i**2 + i + 1. Let l(p) = -c(p) - 3*m(p). What is the tens digit of l(3)?
4
Let s(i) = 2*i - 13*i + 12 + 6 - 6. What is the units digit of s(-6)?
8
Suppose 5*u - 564 = -u. Suppose 0 = -2*v + 2*g + u, 67 + 32 = 2*v - 3*g. What is the units digit of v?
2
Let d = 1033 + -518. What is the hundreds digit of d?
5
Suppose 6903 = 5*t + 2*s, 16*t - 2*s - 4129 = 13*t. What is the hundreds digit of t?
3
Let r = 834 - 378. What is the units digit of r?
6
Let i(o) = o**3 - 7*o**2 - 24*o + 49. What is the thousands digit of i(14)?
1
Suppose 4*j - 2*w = -2, 5*w - 25 = -5*j + 2*w. Suppose 2*v + j*v - 4 = 0. What is the units digit of v?
1
Suppose 3*b - 195 - 231 = 0. Let v = b - 85. What is the tens digit of v?
5
Suppose 927 - 9614 = -7*w. What is the hundreds digit of w?
2
Let p be (-106)/(-34) + -4 + 6/(-51). What is the units digit of 34 + -37 + (p - -143)?
9
Let l = -812 + 802. Let h = -79 - 16. What is the tens digit of (-1 - -7)*h/l?
5
Let a = 96 + 8. What is the hundreds digit of a?
1
Suppose 5*q + g = 16, -4*q - g + 15 = 2*g. Suppose 0*v - 146 = -v + 5*k, 130 = v + q*k. What is the tens digit of v?
3
Let a = -7 + 4. Let b be (-8)/(3/3 + a). Suppose -z + u = -u - 14, 16 = b*u. What is the units digit of z?
2
Let f = 18 - 80. Let g = f - -174. What is the units digit of g?
2
Suppose 25*u - 18*u = 2002. What is the hundreds digit of u?
2
Suppose 18*h + 39 = 7509. What is the hundreds digit of h?
4
Suppose 51*m = 49*m + 1088. What is the units digit of m?
4
Let g = 738 - -39. What is the hundreds digit of g?
7
Let a(x) = -x**3 + x + 33. Let l be a(0). Suppose -l = -5*p - 8. Suppose -15 = -5*i + p*o, -3*o = 4*i - 2*o - 2. What is the units digit of i?
1
Let s(u) = -49*u**3 - 11*u**2 - 1. What is the tens digit of s(-4)?
5
Let j be 0*2/4*(-4)/(-6). Suppose 0 = -4*t - j*t + 3*b + 248, 4*b = 0. What is the tens digit of t?
6
Let r = 7 + -4. Suppose 4*u - 21 + 0 = -i, r*i = 5*u + 114. Suppose 0 = f - 4*f + i. What is the units digit of f?
1
Let u(b) be the first derivative of b**5/24 + b**4/3 - b**3 + 2. Let c(y) be the third derivative of u(y). What is the units digit of c(6)?
8
Let r = -3374 - -6691. What is the thousands digit of r?
3
Suppose 7*g - 8*g = 2. Let f(c) = 11*c**2 - 1. What is the tens digit of f(g)?
4
Let b = -35 + 19. Let g = b + 21. What is the units digit of g?
5
Let g(p) = -p**3 + 11*p + 14. Let j = -47 + 42. What is the tens digit of g(j)?
8
Let z(u) = 7*u**2 + 5*u + 0*u - 3*u + 24 - 11*u. What is the units digit of z(6)?
2
Let c be (-6)/2*-2338*7/14. Suppose c = 22*z - z. What is the units digit of z?
7
Let w be ((-6)/(-3) - -109)*(-6)/3. What is the units digit of (1/((-3)/w))/(12/18)?
1
Suppose 13065 = -5*x + 8*x. What is the thousands digit of x?
4
Suppose 13 = 4*z - 7. Let o be 54/15 - (-2)/z. Suppose -l - 1 - 17 = -2*w, -38 = -2*w - o*l. What is the tens digit of w?
1
Suppose 396 + 3570 = 2*l. What is the thousands digit of l?
1
Let h(z) = -1. Let o(d) = d + 3. Let i(t) = -2*h(t) - o(t). What is the units digit of i(-6)?
5
Suppose 5*l = -4 - 26. Let d be 81/l - (-1)/2. Let c = 13 - d. What is the tens digit of c?
2
Let q(k) = 58*k**2 + 19*k - 130. What is the tens digit of q(6)?
7
Let p = 3498 - 1094. What is the tens digit of p?
0
Let n = 28 + -3. Suppose -4*r + n = -39. Let z = 22 - r. What is the units digit of z?
6
Suppose -17*m + 1002 = -3724. What is the hundreds digit of m?
2
Let w(x) = -2*x - 7*x + 2*x - 6. Let p be (-3)/9*(-6)/(-4)*6. What is the tens digit of w(p)?
1
What is the hundreds digit of -2 - (-13)/6 - (-36132)/72?
5
Let l(t) = -100*t - 134. What is the tens digit of l(-9)?
6
Let d be (3 + 21/(-6))*-56. Suppose -y - d = -83. What is the tens digit of y?
5
Suppose 5*f - 150 = 650. Let u = 250 - f. What is the tens digit of u?
9
Suppose -3*i + 8 = -4. Let r(x) = -x - i + 1 - x + x. What is the units digit of r(-4)?
1
Suppose k - 7 = -3. Suppose 49 = k*q - 127. Suppose -3*r + 76 = -q. What is the tens digit of r?
4
Let j be -1*3 + (-6 - -18). Suppose -147 = 2*w - j*w. What is the units digit of w?
1
Suppose 85 = 12*h - 7*h. Let o(m) = 8*m - 7. What is the units digit of o(h)?
9
Let d(p) = -p**3 - 3*p**2 + 3*p + 5. Let x be d(-4). What is the hundreds digit of x/15*(5 + (-3 - -363))?
2
Let l be (-4)/3*((-18)/(-4))/(-1). Suppose l*b - 2*b = c - 8, 43 = 2*c + b. What is the units digit of c?
0
Let u be 2/(((-12)/(-3))/(-12)). Let g be (-264)/18 - (-2)/u. What is the units digit of 2/10 + (-312)/g?
1
Let h = -84 + 142. Suppose -p - h = -2*x, -x + 4*x - 3*p = 84. Suppose -2*y = -7*y + x. What is the units digit of y?
6
Let a(d) = d**3 + 7*d**2 + d + 33. What is the units digit of a(-7)?
6
Let o(l) be the first derivative of -l**3/3 - 5*l**2/2 - 2*l + 6. Let z be o(-4). What is the units digit of z/10 - (-58)/10?
6
